 {"id":740,"date":"2019-02-09T21:38:57","date_gmt":"2019-02-09T20:38:57","guid":{"rendered":"http:\/\/feuerwehrwolfring.de\/wordpress\/?page_id=740"},"modified":"2023-01-29T14:53:24","modified_gmt":"2023-01-29T13:53:24","slug":"vorstandschaft","status":"publish","type":"page","link":"https:\/\/feuerwehrwolfring.de\/wordpress\/vorstandschaft\/","title":{"rendered":"Vorstandschaft"},"content":{"rendered":"\n<figure class=\"wp-block-image size-full\"><img loading=\"lazy\" width=\"1024\" height=\"683\" src=\"https:\/\/feuerwehrwolfring.de\/wordpress\/wp-content\/uploads\/2023\/01\/Vorstandschaft.jpg\" alt=\"\" class=\"wp-image-1918\" srcset=\"https:\/\/feuerwehrwolfring.de\/wordpress\/wp-content\/uploads\/2023\/01\/Vorstandschaft.jpg 1024w, https:\/\/feuerwehrwolfring.de\/wordpress\/wp-content\/uploads\/2023\/01\/Vorstandschaft-300x200.jpg 300w, https:\/\/feuerwehrwolfring.de\/wordpress\/wp-content\/uploads\/2023\/01\/Vorstandschaft-768x512.jpg 768w, https:\/\/feuerwehrwolfring.de\/wordpress\/wp-content\/uploads\/2023\/01\/Vorstandschaft-272x182.jpg 272w\" sizes=\"(max-width: 1024px) 100vw, 1024px\" \/><\/figure>\n\n\n\n<p><span style=\"text-decoration: underline;\">hinten v. l.:<\/span> B\u00fcttner Manuel, Hiltner Sebastian, Tr\u00f6ppl Martin, Avemaria Patrick, B\u00f6hm Lukas, Setzer Florian, B\u00f6hm Peter, Tr\u00f6ppl Manfred<\/p>\n\n\n\n<p><span style=\"text-decoration: underline;\">vorne v. l.:<\/span> Stahl Daniel, Plank Nico, Plank Martin, Plank Markus, Dittrich Tobias, Schleicher Markus, Schleicher Julia<\/p>\n\n\n","protected":false},"excerpt":{"rendered":"<p>hinten v. l.: B\u00fcttner Manuel, Hiltner Sebastian, Tr\u00f6ppl Martin, Avemaria Patrick, B\u00f6hm Lukas, Setzer Florian, B\u00f6hm Peter, Tr\u00f6ppl Manfred vorne v. l.: Stahl Daniel, Plank Nico, Plank Martin, Plank Markus, Dittrich Tobias, Schleicher Markus, Schleicher Julia<\/p>\n","protected":false},"author":1,"featured_media":1918,"parent":0,"menu_order":0,"comment_status":"closed","ping_status":"closed","template":"","meta":{"ngg_post_thumbnail":0},"_links":{"self":[{"href":"https:\/\/feuerwehrwolfring.de\/wordpress\/wp-json\/wp\/v2\/pages\/740"}],"collection":[{"href":"https:\/\/feuerwehrwolfring.de\/wordpress\/wp-json\/wp\/v2\/pages"}],"about":[{"href":"https:\/\/feuerwehrwolfring.de\/wordpress\/wp-json\/wp\/v2\/types\/page"}],"author":[{"embeddable":true,"href":"https:\/\/feuerwehrwolfring.de\/wordpress\/wp-json\/wp\/v2\/users\/1"}],"replies":[{"embeddable":true,"href":"https:\/\/feuerwehrwolfring.de\/wordpress\/wp-json\/wp\/v2\/comments?post=740"}],"version-history":[{"count":6,"href":"https:\/\/feuerwehrwolfring.de\/wordpress\/wp-json\/wp\/v2\/pages\/740\/revisions"}],"predecessor-version":[{"id":1920,"href":"https:\/\/feuerwehrwolfring.de\/wordpress\/wp-json\/wp\/v2\/pages\/740\/revisions\/1920"}],"wp:featuredmedia":[{"embeddable":true,"href":"https:\/\/feuerwehrwolfring.de\/wordpress\/wp-json\/wp\/v2\/media\/1918"}],"wp:attachment":[{"href":"https:\/\/feuerwehrwolfring.de\/wordpress\/wp-json\/wp\/v2\/media?parent=740"}],"curies":[{"name":"wp","href":"https:\/\/api.w.org\/{rel}","templated":true}]}}

<figure class="wp-block-image size-full"><img loading="lazy" width="1024" height="683" src="https://feuerwehrwolfring.de/wordpress/wp-content/uploads/2023/01/Vorstandschaft.jpg" alt="" class="wp-image-1918" srcset="https://feuerwehrwolfring.de/wordpress/wp-content/uploads/2023/01/Vorstandschaft.jpg 1024w, https://feuerwehrwolfring.de/wordpress/wp-content/uploads/2023/01/Vorstandschaft-300x200.jpg 300w, https://feuerwehrwolfring.de/wordpress/wp-content/uploads/2023/01/Vorstandschaft-768x512.jpg 768w, https://feuerwehrwolfring.de/wordpress/wp-content/uploads/2023/01/Vorstandschaft-272x182.jpg 272w" sizes="(max-width: 1024px) 100vw, 1024px" /></figure>



<p><span style="text-decoration: underline;">hinten v. l.:</span> Büttner Manuel, Hiltner Sebastian, Tröppl Martin, Avemaria Patrick, Böhm Lukas, Setzer Florian, Böhm Peter, Tröppl Manfred</p>



<p><span style="text-decoration: underline;">vorne v. l.:</span> Stahl Daniel, Plank Nico, Plank Martin, Plank Markus, Dittrich Tobias, Schleicher Markus, Schleicher Julia</p>

<p>hinten v. l.: Büttner Manuel, Hiltner Sebastian, Tröppl Martin, Avemaria Patrick, Böhm Lukas, Setzer Florian, Böhm Peter, Tröppl Manfred vorne v. l.: Stahl Daniel, Plank Nico, Plank Martin, Plank Markus, Dittrich Tobias, Schleicher Markus, Schleicher Julia</p>
